{"id":2,"date":"2024-10-04T02:07:05","date_gmt":"2024-10-04T05:07:05","guid":{"rendered":"https:\/\/solucom.cl\/a\/?page_id=2"},"modified":"2024-11-11T17:57:11","modified_gmt":"2024-11-11T20:57:11","slug":"aprenda-a-conducir","status":"publish","type":"page","link":"https:\/\/solucom.cl\/a\/aprenda-a-conducir\/","title":{"rendered":"Aprenda a Conducir"},"content":{"rendered":"\t\t<div data-elementor-type=\"wp-page\" data-elementor-id=\"2\" class=\"elementor elementor-2\">\n\t\t\t\t<div class=\"elementor-element elementor-element-70b12b26 e-flex e-con-boxed e-con e-parent\" data-id=\"70b12b26\" data-element_type=\"container\">\n\t\t\t\t\t<div class=\"e-con-inner\">\n\t\t\t\t<div class=\"elementor-element elementor-element-133f4288 elementor-widget elementor-widget-text-editor\" data-id=\"133f4288\" data-element_type=\"widget\" data-widget_type=\"text-editor.default\">\n\t\t\t\t<div class=\"elementor-widget-container\"><p><strong>Curso en l\u00ednea para aprender a conducir veh\u00edculos motorizados.<\/strong><\/p><p><\/p><blockquote class=\"wp-block-quote is-layout-flow wp-block-quote-is-layout-flow\"><p><strong>Sirve para obtener Licencia de Conducir para autom\u00f3viles, camionetas, furgones, motos y camiones.<\/strong><\/p><\/blockquote><p><strong>Conclusi\u00f3n:<\/strong>:<\/p><blockquote class=\"wp-block-quote is-layout-flow wp-block-quote-is-layout-flow\"><p><strong>M\u00e9todo propio \u00fanico garantiza que aprendes a ser real profesional de la conducci\u00f3n.<\/strong><\/p><\/blockquote><p><strong>Sirve para reforzar conocimientos y aumentar la seguridad en el desempe\u00f1o como conductor.<\/strong><\/p><div class=\"wp-block-buttons is-content-justification-center is-layout-flex wp-container-core-buttons-is-layout-2 wp-block-buttons-is-layout-flex\"><div class=\"wp-block-button\"><a class=\"wp-block-button__link wp-element-button\" href=\"https:\/\/solucom.cl\/a\/?post_type=product\">Nuestros Planes<\/a><\/div><\/div><\/div>\n\t\t\t\t<\/div>\n\t\t\t\t<div class=\"elementor-element elementor-element-47bb4bc elementor-widget elementor-widget-spacer\" data-id=\"47bb4bc\" data-element_type=\"widget\" data-widget_type=\"spacer.default\">\n\t\t\t\t<div class=\"elementor-widget-container\">\n\t\t\t\t\t\t\t<div class=\"elementor-spacer\">\n\t\t\t<div class=\"elementor-spacer-inner\"><\/div>\n\t\t<\/div>\n\t\t\t\t\t\t<\/div>\n\t\t\t\t<\/div>\n\t\t\t\t\t<\/div>\n\t\t\t\t<\/div>\n\t\t<div class=\"elementor-element elementor-element-7e30834 e-grid e-con-boxed e-con e-parent\" data-id=\"7e30834\" data-element_type=\"container\">\n\t\t\t\t\t<div class=\"e-con-inner\">\n\t\t\t\t<div class=\"elementor-element elementor-element-dee9ff8 elementor-position-top elementor-widget elementor-widget-image-box\" data-id=\"dee9ff8\" data-element_type=\"widget\" data-widget_type=\"image-box.default\">\n\t\t\t\t<div class=\"elementor-widget-container\">\n\t\t\t\t\t<div class=\"elementor-image-box-wrapper\"><figure class=\"elementor-image-box-img\"><a href=\"https:\/\/solucom.cl\/a\/producto\/aprenda-a-conducir-individual-mensual\/\" tabindex=\"-1\"><img fetchpriority=\"high\" decoding=\"async\" width=\"978\" height=\"976\" src=\"https:\/\/solucom.cl\/a\/wp-content\/uploads\/2024\/10\/fiverr-3.jpg\" class=\"attachment-full size-full wp-image-75\" alt=\"Aprenda a Conducir\" srcset=\"https:\/\/solucom.cl\/a\/wp-content\/uploads\/2024\/10\/fiverr-3.jpg 978w, https:\/\/solucom.cl\/a\/wp-content\/uploads\/2024\/10\/fiverr-3-300x300.jpg 300w, https:\/\/solucom.cl\/a\/wp-content\/uploads\/2024\/10\/fiverr-3-150x150.jpg 150w, https:\/\/solucom.cl\/a\/wp-content\/uploads\/2024\/10\/fiverr-3-768x766.jpg 768w, https:\/\/solucom.cl\/a\/wp-content\/uploads\/2024\/10\/fiverr-3-144x144.jpg 144w, https:\/\/solucom.cl\/a\/wp-content\/uploads\/2024\/10\/fiverr-3-600x599.jpg 600w, https:\/\/solucom.cl\/a\/wp-content\/uploads\/2024\/10\/fiverr-3-100x100.jpg 100w\" sizes=\"(max-width: 978px) 100vw, 978px\" \/><\/a><\/figure><div class=\"elementor-image-box-content\"><h3 class=\"elementor-image-box-title\"><a href=\"https:\/\/solucom.cl\/a\/producto\/aprenda-a-conducir-individual-mensual\/\">Individual Mensual<\/a><\/h3><p class=\"elementor-image-box-description\">M\u00e9todo propio \u00fanico garantiza que aprendes a ser real profesional de la conducci\u00f3n estudiando solo.<\/p><\/div><\/div>\t\t\t\t<\/div>\n\t\t\t\t<\/div>\n\t\t\t\t<div class=\"elementor-element elementor-element-2dd3d96 elementor-position-top elementor-widget elementor-widget-image-box\" data-id=\"2dd3d96\" data-element_type=\"widget\" data-widget_type=\"image-box.default\">\n\t\t\t\t<div class=\"elementor-widget-container\">\n\t\t\t\t\t<div class=\"elementor-image-box-wrapper\"><figure class=\"elementor-image-box-img\"><img fetchpriority=\"high\" decoding=\"async\" width=\"978\" height=\"976\" src=\"https:\/\/solucom.cl\/a\/wp-content\/uploads\/2024\/10\/fiverr-3.jpg\" class=\"attachment-full size-full wp-image-75\" alt=\"Aprenda a Conducir\" srcset=\"https:\/\/solucom.cl\/a\/wp-content\/uploads\/2024\/10\/fiverr-3.jpg 978w, https:\/\/solucom.cl\/a\/wp-content\/uploads\/2024\/10\/fiverr-3-300x300.jpg 300w, https:\/\/solucom.cl\/a\/wp-content\/uploads\/2024\/10\/fiverr-3-150x150.jpg 150w, https:\/\/solucom.cl\/a\/wp-content\/uploads\/2024\/10\/fiverr-3-768x766.jpg 768w, https:\/\/solucom.cl\/a\/wp-content\/uploads\/2024\/10\/fiverr-3-144x144.jpg 144w, https:\/\/solucom.cl\/a\/wp-content\/uploads\/2024\/10\/fiverr-3-600x599.jpg 600w, https:\/\/solucom.cl\/a\/wp-content\/uploads\/2024\/10\/fiverr-3-100x100.jpg 100w\" sizes=\"(max-width: 978px) 100vw, 978px\" \/><\/figure><div class=\"elementor-image-box-content\"><h3 class=\"elementor-image-box-title\">Individual Bimestral<\/h3><p class=\"elementor-image-box-description\">M\u00e9todo de Aprender a Conducir Autom\u00f3viles a su propio ritmo y que es r\u00e1pido y f\u00e1cil<\/p><\/div><\/div>\t\t\t\t<\/div>\n\t\t\t\t<\/div>\n\t\t\t\t<div class=\"elementor-element elementor-element-4220a97 elementor-position-top elementor-widget elementor-widget-image-box\" data-id=\"4220a97\" data-element_type=\"widget\" data-widget_type=\"image-box.default\">\n\t\t\t\t<div class=\"elementor-widget-container\">\n\t\t\t\t\t<div class=\"elementor-image-box-wrapper\"><figure class=\"elementor-image-box-img\"><a href=\"https:\/\/solucom.cl\/a\/producto\/aprenda-a-conducir-individual-perenne\/\" tabindex=\"-1\"><img decoding=\"async\" width=\"286\" height=\"206\" src=\"https:\/\/solucom.cl\/a\/wp-content\/uploads\/2024\/10\/aprender.jpg\" class=\"attachment-full size-full wp-image-71\" alt=\"Aprenda a Conducir\" \/><\/a><\/figure><div class=\"elementor-image-box-content\"><h3 class=\"elementor-image-box-title\"><a href=\"https:\/\/solucom.cl\/a\/producto\/aprenda-a-conducir-individual-perenne\/\">Individual Perenne<\/a><\/h3><p class=\"elementor-image-box-description\">Este curso tiene el objetivo de ense\u00f1arle TODO lo que es necesario saber ANTES de subirse al puesto del conductor<\/p><\/div><\/div>\t\t\t\t<\/div>\n\t\t\t\t<\/div>\n\t\t\t\t<div class=\"elementor-element elementor-element-7074dd5 elementor-position-top elementor-widget elementor-widget-image-box\" data-id=\"7074dd5\" data-element_type=\"widget\" data-widget_type=\"image-box.default\">\n\t\t\t\t<div class=\"elementor-widget-container\">\n\t\t\t\t\t<div class=\"elementor-image-box-wrapper\"><figure class=\"elementor-image-box-img\"><a href=\"https:\/\/solucom.cl\/a\/producto\/aprenda-a-conducir-duplas-mensual\/\" tabindex=\"-1\"><img decoding=\"async\" width=\"600\" height=\"503\" src=\"https:\/\/solucom.cl\/a\/wp-content\/uploads\/2024\/10\/aprendeaconducir.jpg\" class=\"attachment-full size-full wp-image-78\" alt=\"curso conducir online\" srcset=\"https:\/\/solucom.cl\/a\/wp-content\/uploads\/2024\/10\/aprendeaconducir.jpg 600w, https:\/\/solucom.cl\/a\/wp-content\/uploads\/2024\/10\/aprendeaconducir-300x252.jpg 300w\" sizes=\"(max-width: 600px) 100vw, 600px\" \/><\/a><\/figure><div class=\"elementor-image-box-content\"><h3 class=\"elementor-image-box-title\"><a href=\"https:\/\/solucom.cl\/a\/producto\/aprenda-a-conducir-duplas-mensual\/\">Duplas Mensual<\/a><\/h3><p class=\"elementor-image-box-description\">Sabr\u00e1n todo lo que se necesita saber en todo sentido, lo que les permitir\u00e1 poner en marcha ese veh\u00edculo.<\/p><\/div><\/div>\t\t\t\t<\/div>\n\t\t\t\t<\/div>\n\t\t\t\t<div class=\"elementor-element elementor-element-3fc4765 elementor-position-top elementor-widget elementor-widget-image-box\" data-id=\"3fc4765\" data-element_type=\"widget\" data-widget_type=\"image-box.default\">\n\t\t\t\t<div class=\"elementor-widget-container\">\n\t\t\t\t\t<div class=\"elementor-image-box-wrapper\"><figure class=\"elementor-image-box-img\"><a href=\"https:\/\/solucom.cl\/a\/producto\/aprenda-a-conducir-duplas-bimestral\/\" tabindex=\"-1\"><img decoding=\"async\" width=\"600\" height=\"503\" src=\"https:\/\/solucom.cl\/a\/wp-content\/uploads\/2024\/10\/aprendeaconducir.jpg\" class=\"attachment-full size-full wp-image-78\" alt=\"curso conducir online\" srcset=\"https:\/\/solucom.cl\/a\/wp-content\/uploads\/2024\/10\/aprendeaconducir.jpg 600w, https:\/\/solucom.cl\/a\/wp-content\/uploads\/2024\/10\/aprendeaconducir-300x252.jpg 300w\" sizes=\"(max-width: 600px) 100vw, 600px\" \/><\/a><\/figure><div class=\"elementor-image-box-content\"><h3 class=\"elementor-image-box-title\"><a href=\"https:\/\/solucom.cl\/a\/producto\/aprenda-a-conducir-duplas-bimestral\/\">Duplas Bimestral<\/a><\/h3><p class=\"elementor-image-box-description\">Miles de alumnos que sab\u00edan nada de esto y quedaron conduciendo como verdaderos profesionales del volante<\/p><\/div><\/div>\t\t\t\t<\/div>\n\t\t\t\t<\/div>\n\t\t\t\t<div class=\"elementor-element elementor-element-9ec545f elementor-position-top elementor-widget elementor-widget-image-box\" data-id=\"9ec545f\" data-element_type=\"widget\" data-widget_type=\"image-box.default\">\n\t\t\t\t<div class=\"elementor-widget-container\">\n\t\t\t\t\t<div class=\"elementor-image-box-wrapper\"><figure class=\"elementor-image-box-img\"><img decoding=\"async\" width=\"286\" height=\"206\" src=\"https:\/\/solucom.cl\/a\/wp-content\/uploads\/2024\/10\/aprender.jpg\" class=\"attachment-full size-full wp-image-71\" alt=\"Aprenda a Conducir\" \/><\/figure><div class=\"elementor-image-box-content\"><h3 class=\"elementor-image-box-title\">Duplas Perenne<\/h3><p class=\"elementor-image-box-description\">Estudien juntos las lecciones, mejoren su avance con ayuda mutua, lo que les permitir\u00e1 terminar antes.<\/p><\/div><\/div>\t\t\t\t<\/div>\n\t\t\t\t<\/div>\n\t\t\t\t\t<\/div>\n\t\t\t\t<\/div>\t\t<\/div>\n\t\t","protected":false},"excerpt":{"rendered":"<p>Curso en l\u00ednea para aprender a conducir veh\u00edculos motorizados. Sirve para obtener Licencia de Conducir para autom\u00f3viles, camionetas, furgones, motos y camiones. Conclusi\u00f3n:: M\u00e9todo propio \u00fanico garantiza que aprendes a ser real profesional de la conducci\u00f3n. Sirve para reforzar conocimientos y aumentar la seguridad en el desempe\u00f1o como conductor. Individual Mensual M\u00e9todo propio \u00fanico garantiza [&hellip;]<\/p>\n","protected":false},"author":1,"featured_media":0,"parent":0,"menu_order":0,"comment_status":"closed","ping_status":"closed","template":"","meta":{"_joinchat":[],"footnotes":""},"class_list":["post-2","page","type-page","status-publish","hentry"],"_links":{"self":[{"href":"https:\/\/solucom.cl\/a\/wp-json\/wp\/v2\/pages\/2"}],"collection":[{"href":"https:\/\/solucom.cl\/a\/wp-json\/wp\/v2\/pages"}],"about":[{"href":"https:\/\/solucom.cl\/a\/wp-json\/wp\/v2\/types\/page"}],"author":[{"embeddable":true,"href":"https:\/\/solucom.cl\/a\/wp-json\/wp\/v2\/users\/1"}],"replies":[{"embeddable":true,"href":"https:\/\/solucom.cl\/a\/wp-json\/wp\/v2\/comments?post=2"}],"version-history":[{"count":12,"href":"https:\/\/solucom.cl\/a\/wp-json\/wp\/v2\/pages\/2\/revisions"}],"predecessor-version":[{"id":369,"href":"https:\/\/solucom.cl\/a\/wp-json\/wp\/v2\/pages\/2\/revisions\/369"}],"wp:attachment":[{"href":"https:\/\/solucom.cl\/a\/wp-json\/wp\/v2\/media?parent=2"}],"curies":[{"name":"wp","href":"https:\/\/api.w.org\/{rel}","templated":true}]}}