{"id":415,"date":"2014-06-01T10:49:14","date_gmt":"2014-06-01T10:49:14","guid":{"rendered":"http:\/\/www.solucom.cl\/aprenda\/?page_id=415"},"modified":"2014-06-03T01:43:59","modified_gmt":"2014-06-03T01:43:59","slug":"tc","status":"publish","type":"page","link":"https:\/\/solucom.cl\/aprenda\/about\/tc\/","title":{"rendered":"T&#038;C"},"content":{"rendered":"<h1>Terminos y Condiciones<\/h1>\n<p>Hay un &#8220;<b><i>Tarifa Unica NO reembolsable<\/i><\/b>&#8221; de us$ 47.00 para comenzar. La tarifa se cobra para ofrecerle una formaci\u00f3n completa para que pueda comenzar a aprender desde el primer d\u00eda. Con esta tarifa, recibir\u00e1 pleno acceso al \u00e1rea de los miembros por un per\u00edodo de 90 d\u00edas, a todos los materiales de capacitaci\u00f3n en el interior del sistema.<\/p>\n<p>There is a &#8220;One Time non-refundable Fee&#8221; of us$47.00 to begin. The fee is charged to provide you with full training to enable you to start learning the very first day.  With this fee you will receive full members area for a 90 days period ACCESS with all your training materials inside.<\/p>\n","protected":false},"excerpt":{"rendered":"<p>Terminos y Condiciones Hay un &#8220;Tarifa Unica NO reembolsable&#8221; de us$ 47.00 para comenzar. La tarifa se cobra para ofrecerle una formaci\u00f3n completa para que pueda comenzar a aprender desde el primer d\u00eda. Con esta tarifa, recibir\u00e1 pleno acceso al \u00e1rea de los miembros por un per\u00edodo de 90 d\u00edas, a todos los materiales de &hellip; <a href=\"https:\/\/solucom.cl\/aprenda\/about\/tc\/\" class=\"more-link\">Contin\u00fae leyendo <span class=\"screen-reader-text\">T&#038;C<\/span> <span class=\"meta-nav\">&rarr;<\/span><\/a><\/p>\n","protected":false},"author":1,"featured_media":0,"parent":2,"menu_order":1,"comment_status":"open","ping_status":"closed","template":"","meta":[],"_links":{"self":[{"href":"https:\/\/solucom.cl\/aprenda\/wp-json\/wp\/v2\/pages\/415"}],"collection":[{"href":"https:\/\/solucom.cl\/aprenda\/wp-json\/wp\/v2\/pages"}],"about":[{"href":"https:\/\/solucom.cl\/aprenda\/wp-json\/wp\/v2\/types\/page"}],"author":[{"embeddable":true,"href":"https:\/\/solucom.cl\/aprenda\/wp-json\/wp\/v2\/users\/1"}],"replies":[{"embeddable":true,"href":"https:\/\/solucom.cl\/aprenda\/wp-json\/wp\/v2\/comments?post=415"}],"version-history":[{"count":3,"href":"https:\/\/solucom.cl\/aprenda\/wp-json\/wp\/v2\/pages\/415\/revisions"}],"predecessor-version":[{"id":417,"href":"https:\/\/solucom.cl\/aprenda\/wp-json\/wp\/v2\/pages\/415\/revisions\/417"}],"up":[{"embeddable":true,"href":"https:\/\/solucom.cl\/aprenda\/wp-json\/wp\/v2\/pages\/2"}],"wp:attachment":[{"href":"https:\/\/solucom.cl\/aprenda\/wp-json\/wp\/v2\/media?parent=415"}],"curies":[{"name":"wp","href":"https:\/\/api.w.org\/{rel}","templated":true}]}}