{"id":2,"date":"2024-04-07T18:08:44","date_gmt":"2024-04-07T21:08:44","guid":{"rendered":"https:\/\/solucom.cl\/revitalizante\/?page_id=2"},"modified":"2024-04-11T03:50:56","modified_gmt":"2024-04-11T06:50:56","slug":"revitalizante-del-himalaya","status":"publish","type":"page","link":"https:\/\/solucom.cl\/revitalizante\/","title":{"rendered":"Revitalizante del Himalaya"},"content":{"rendered":"\n<p class=\"has-text-align-center\"><strong>Capsulas originales del Himalaya, 400mg, revitaliza las c\u00e9lulas, refuerza el sistema inmunol\u00f3gico, mejora la funci\u00f3n del cerebro, restaura la salud, elimina el stress, equilibra la hormona masculina, incrementa los niveles de energ\u00eda, refuerza el sistema inmune, mejora el desempe\u00f1o del cuerpo, tonifica la musculatura y las articulaciones.<\/strong><\/p>\n\n\n\n<figure class=\"wp-block-image aligncenter size-full\"><img loading=\"lazy\" decoding=\"async\" width=\"450\" height=\"449\" src=\"https:\/\/solucom.cl\/revitalizante\/wp-content\/uploads\/2024\/04\/contiene.png\" alt=\"\" class=\"wp-image-9\" srcset=\"https:\/\/solucom.cl\/revitalizante\/wp-content\/uploads\/2024\/04\/contiene.png 450w, https:\/\/solucom.cl\/revitalizante\/wp-content\/uploads\/2024\/04\/contiene-300x300.png 300w, https:\/\/solucom.cl\/revitalizante\/wp-content\/uploads\/2024\/04\/contiene-150x150.png 150w\" sizes=\"auto, (max-width: 450px) 100vw, 450px\" \/><\/figure>\n\n\n\n<figure class=\"wp-block-image aligncenter size-full\"><img loading=\"lazy\" decoding=\"async\" width=\"205\" height=\"107\" src=\"https:\/\/solucom.cl\/revitalizante\/wp-content\/uploads\/2024\/04\/ginseng.jpg\" alt=\"\" class=\"wp-image-10\"\/><\/figure>\n\n\n\n<figure class=\"wp-block-image aligncenter size-full\"><img loading=\"lazy\" decoding=\"async\" width=\"210\" height=\"85\" src=\"https:\/\/solucom.cl\/revitalizante\/wp-content\/uploads\/2024\/04\/extracto.jpg\" alt=\"\" class=\"wp-image-11\"\/><\/figure>\n\n\n\n<figure class=\"wp-block-image aligncenter size-full\"><img loading=\"lazy\" decoding=\"async\" width=\"505\" height=\"312\" src=\"https:\/\/solucom.cl\/revitalizante\/wp-content\/uploads\/2024\/04\/everest.png\" alt=\"Revitalizante del Himalaya\" class=\"wp-image-12\" srcset=\"https:\/\/solucom.cl\/revitalizante\/wp-content\/uploads\/2024\/04\/everest.png 505w, https:\/\/solucom.cl\/revitalizante\/wp-content\/uploads\/2024\/04\/everest-300x185.png 300w\" sizes=\"auto, (max-width: 505px) 100vw, 505px\" \/><\/figure>\n\n\n\n<p class=\"has-text-align-center\"><strong>Proporciona belleza, salud, Memoria mental, energ\u00eda cognitiva, resistencia, equilibrio bacterial, aporte de \u00e1cido f\u00falvico.<\/strong><\/p>\n\n\n\n<h5 class=\"wp-block-heading has-text-align-center\"><strong>Despacho a domicilio<br>Le llega por correo<br>Demora de 3 a 30 d\u00edas<\/strong><\/h5>\n\n\n\n<table align='center' valign='center' bgcolor='orange' bordercolor='#9900FF' width='600' border='0' cellpadding='10' cellspacing='10'>\n\t<tr bgcolor='#CDCDCD'>\n\t\t<td align='center'>\n\t\t\t<a href='https:\/\/webpay3g.transbank.cl\/filtroUnificado\/buttonService?buttonId=3c30e471bc266cdc971342dfb1a58b03\n'>\n\t\t\t<b style='color:green; font-size:20px; '>REVITALIZANTE10<\/b><br><br>\n\t\t\tContiene <b>10<\/b> Capsulas<br>\n\t\t\t<h5>$ 9.990<\/h5>\n\t\t\t<img src='https:\/\/solucom.cl\/Imagenes\/logo-webpay-plus-blanik-660x312.jpg' width='120'>\n\t\t\t<h5 style='color:blue; '>COMPRAR<\/h5><\/a>\n\t\t<\/td>\n        <\/tr>\n\t<tr bgcolor='#CDCDCD'>\n\t\t<td align='center'>\n\t\t\t<a href='https:\/\/webpay3g.transbank.cl\/filtroUnificado\/buttonService?buttonId=eec17eb64fb49ef38ad5bf1b830081e88c5919482aa3a83e12a11f6a75760855\n'>\n\t\t\t<b style='color:green; font-size:20px; '>REVITALIZANTE20<\/b><br><br>\n\t\t\tContiene <b>20<\/b> Capsulas<br>\n\t\t\t<h5>$ 19.990<\/h5>\n\t\t\t<img src='https:\/\/solucom.cl\/Imagenes\/logo-webpay-plus-blanik-660x312.jpg' width='120'>\n\t\t\t<h5 style='color:blue; '>COMPRAR<\/h5><\/a>\n\t\t<\/td>\n        <\/tr>\n\t<tr bgcolor='#CDCDCD'>\n\t\t<td align='center'><br>\n\t\t\t<a href='https:\/\/webpay3g.transbank.cl\/filtroUnificado\/buttonService?buttonId=afdcbc4118ae08766eeffca5bcbc3ad00d7b4f81f6cf22e3ad5ad7322198ab6c\n'>\n\t\t\t<b style='color:green; font-size:20px; '>REVITALIZANTE30<\/b><br><br>\n\t\t\tContiene <b>30<\/b> Capsulas<br>\n\t\t\t<h5>$ 28.990<\/h5>\n\t\t\t<img src='https:\/\/solucom.cl\/Imagenes\/logo-webpay-plus-blanik-660x312.jpg' width='120'>\n\t\t\t<h5 style='color:blue; '>COMPRAR<\/h5><\/a><br>\n\t\t<\/td>\n\t<\/tr>\n<\/table><br><br>\n\n\n\n<pre class=\"wp-block-code\"><code>\n<table valign='top' align='center' border='0' height='40' width='600'> \n\t<tr><td align='center'><a href='https:\/\/wa.me\/56998422703?text=Me%20interesa%20el%20Revitalizante%20que%20est\u00e1s%20vendiendo' target='_blank' rel=\"noopener\"><img src='https:\/\/solucom.cl\/Imagenes\/logo-whatsapp.jpg' width='120'<\/a><\/td>\n\t<td align='center'><a href='https:\/\/www.facebook.com\/marketplace\/item\/841254224427496\/' target='_blank' rel=\"noopener\"><img src='https:\/\/solucom.cl\/Imagenes\/logo-facebook.jpg' width='33'<\/a><\/td>\n\t\t<td align='center'><a href=\".$instagram.\" target='_blank' rel=\"noopener\"><img src='https:\/\/solucom.cl\/Imagenes\/logo-instagram-1.jpg' width='33'<\/a><\/td>\n\t\t<td align='center'><a href=\".$twitter.\" target='_blank' rel=\"noopener\"><img src='https:\/\/solucom.cl\/Imagenes\/logo-tweeter.jpg' width='44'<\/a><\/td>\n\t\t<td align='center'><a href='https:\/\/www.linkedin.com\/posts\/luis-galdames-46127822_revitalizante-del-himalaya-activity-7183343869005049856-ixcd\/' target='_blank' rel=\"noopener\"><img src='https:\/\/solucom.cl\/Imagenes\/logo-linkedin.jpg' width='100'<\/a><\/td>\n\t\t<td align='center'><a href='https:\/\/solucom.cl\/revitalizante\/indexorig.php' target='_blank' rel=\"noopener\"><img src='https:\/\/solucom.cl\/Imagenes\/url.jpg' width='55'<\/a><\/td>\n\t\t<td align='center'><a href='https:\/\/www.vivastreet.cl\/banquetes-comida\/osorno\/revitalizante-del-himalaya\/326544625' target='_blank' rel=\"noopener\"><img src='https:\/\/solucom.cl\/Imagenes\/logo-vivastreet.jpg' width='120'<\/a><\/td>\n\n\t<\/tr>\n<\/table>\n<\/code><\/pre>\n","protected":false},"excerpt":{"rendered":"<p>Capsulas originales del Himalaya, 400mg, revitaliza las c\u00e9lulas, refuerza el sistema inmunol\u00f3gico, mejora la funci\u00f3n del cerebro, restaura la salud, elimina el stress, equilibra la hormona masculina, incrementa los niveles de energ\u00eda, refuerza el sistema inmune, mejora el desempe\u00f1o del cuerpo, tonifica la musculatura y las articulaciones. Proporciona belleza, salud, Memoria mental, energ\u00eda cognitiva, resistencia, [&hellip;]<\/p>\n","protected":false},"author":1,"featured_media":81,"parent":0,"menu_order":0,"comment_status":"open","ping_status":"closed","template":"","meta":{"footnotes":""},"class_list":["post-2","page","type-page","status-publish","has-post-thumbnail","hentry"],"jetpack_sharing_enabled":true,"_links":{"self":[{"href":"https:\/\/solucom.cl\/revitalizante\/wp-json\/wp\/v2\/pages\/2","targetHints":{"allow":["GET"]}}],"collection":[{"href":"https:\/\/solucom.cl\/revitalizante\/wp-json\/wp\/v2\/pages"}],"about":[{"href":"https:\/\/solucom.cl\/revitalizante\/wp-json\/wp\/v2\/types\/page"}],"author":[{"embeddable":true,"href":"https:\/\/solucom.cl\/revitalizante\/wp-json\/wp\/v2\/users\/1"}],"replies":[{"embeddable":true,"href":"https:\/\/solucom.cl\/revitalizante\/wp-json\/wp\/v2\/comments?post=2"}],"version-history":[{"count":20,"href":"https:\/\/solucom.cl\/revitalizante\/wp-json\/wp\/v2\/pages\/2\/revisions"}],"predecessor-version":[{"id":78,"href":"https:\/\/solucom.cl\/revitalizante\/wp-json\/wp\/v2\/pages\/2\/revisions\/78"}],"wp:featuredmedia":[{"embeddable":true,"href":"https:\/\/solucom.cl\/revitalizante\/wp-json\/wp\/v2\/media\/81"}],"wp:attachment":[{"href":"https:\/\/solucom.cl\/revitalizante\/wp-json\/wp\/v2\/media?parent=2"}],"curies":[{"name":"wp","href":"https:\/\/api.w.org\/{rel}","templated":true}]}}