{"id":1124,"date":"2017-07-10T01:40:00","date_gmt":"2017-07-10T04:40:00","guid":{"rendered":"http:\/\/solucom.cl\/tarot\/?page_id=1124"},"modified":"2024-09-30T03:41:05","modified_gmt":"2024-09-30T06:41:05","slug":"amarrar-pareja-2","status":"publish","type":"page","link":"https:\/\/solucom.cl\/tarot\/trabajos\/amarrar-pareja-2\/","title":{"rendered":"Amarrar Pareja"},"content":{"rendered":"<p><img loading=\"lazy\" decoding=\"async\" src=\"https:\/\/solucom.cl\/tarot\/wp-content\/uploads\/amarrar-pareja.jpg\" width=\"0\" height=\"0\"><\/p>\n<h1>Hechizo para Amarrar tu pareja<\/h1>\n<p><center><a target='_blank' href='http:\/\/solucom.cl\/tarot\/TMB-AMP.pdf' title='Descargar PDF' rel=\"noopener noreferrer\">Para privacidad descargar <img src='https:\/\/solucom.cl\/tarot\/images\/descargarPDF.jpg' width='44'><\/a> -=> <a target='_blank' href='https:\/\/solucom.cl\/tarot\/app\/tmbamp-release.apk' title='Descargar APP-TMB-AMP desde SOLUCOM' rel=\"noopener noreferrer\"><img src='https:\/\/solucom.cl\/tarot\/images\/publicidad\/logo-tmb-amp.jpg' width='44'><\/a><\/center><br \/>\n<b>Para que se enamore perdidamente de ti<\/b><br \/>\nSe parte del punto en que est\u00e1n juntos, en buenas relaciones y tu te quieres asegurar de que vuestra relaci\u00f3n se mantendr\u00e1 por siempre.<br \/>\nNecesitas tener algunos utensilios caseros y hacer una penitencia en oraci\u00f3n.<br \/>\nDebes tener total y absoluta convicci\u00f3n de que le quieres amarrar a ti por siempre.<br \/>\nEsta sesi\u00f3n demora como una hora y tiene efecto de inmediato.<br \/>\nLas muchas personas que lo han hecho est\u00e1n satisfechas del resultado obtenido.<br \/>\nSi tu est\u00e1s con tu pareja puedes hacer que tu sue\u00f1o te dure para siempre.<\/p>\n<p><a title=\"toque clic para Evaluaci\u00f3n sin costo de su caso\" href=\"https:\/\/m.me\/amarrarpareja\"><img decoding=\"async\" src=\"https:\/\/solucom.cl\/tarot\/images\/evaluacion-inicial.jpg\" \/><br \/>toque clic para conversar sin costo de su caso<\/a><\/p>\n<p><\/p>\n<p><center><span style=\"font-face:Arial; font-size:14px; text-align:center; padding:3px; spacing:3px; \">Valor Trabajo CLP$ 66.000<br \/>(sesenta y seis mil pesos chilenos) <\/p>\n<p><!--pago en cuotas via Paypal<br \/>y tambi\u00e9n puede pagarlo en cuotas con <b>WebPay Plus<\/b> de Transbank, usando tarjetas de d\u00e9bito \/ cr\u00e9dito Visa, Magna, MasterCard, Dinnes Club, American Express, Cencosud, Lider, REDCOMPRA, etc.<\/span><br \/>\n\n\n<form name=\"btnPago\" method=\"post\" action=\"https:\/\/webpay3g.transbank.cl\/filtroUnificado\/buttonService\">\n    <input type=\"hidden\" name=\"buttonId\" value=\"d53195bc6dd5491bfc4cada6259fff57\"\/>\n    <input type=\"image\" src=\"https:\/\/solucom.cl\/Imagenes\/logo-webpay-plus-blanik-660x312.png\"\/>\n<\/form-->\n<h3>\tSi,  <img src='https:\/\/solucom.cl\/Imagenes\/logh1c-200x245.jpg' width='80' height='100' ><\/p>\n<p>\tsi le puedo ayudar a hacer que su pareja quede amarrada a ti por siempre.<\/h3>\n<p><b>\tSoy Luis Galdames desde Osorno Chile, Astrologo, Tarotista y Maestro Esot\u00e9rico con m\u00e1s de 40 a\u00f1os de experiencia ayudando a personas como usted.<br \/>\n<\/b><br \/>\n<i>\tEste trabajo hace todo eso que pide y mas aquello que quiera pedir.<br \/>\n<\/i><br \/>\n\tPara eso necesito una foto de la cara de su pareja, de frente, mirando a la c\u00e1mara,<\/p>\n<p>\tsu nombre completo y fecha nacimiento.<\/p>\n<p>\tLo mismo de usted.<\/p>\n<p>\t<u>El Trabajo se demora nueve d\u00edas<\/u>.<br \/> <br \/>\nNormalmente estos resultados se ven entre una a tres semanas.<\/p>\n<p><i>\tTiene la garant\u00eda de que yo voy a estar a diario contigo por wasap,<br \/>\n\tpara asegurarme que todo se hace como debe ser para lograr que tu pareja quede amarrada a ti por siempre.<br \/>\n<\/i><br \/>\n<b><i>\tSi decide hacer el trabajo,<br \/>\n\t\tpara contactarme, clic  <a target='_blank' href='https:\/\/m.me\/amarrarpareja' rel=\"noopener noreferrer\"> <\/p>\n<h1> AQUI <\/h1>\n<p> <\/a> \ty me env\u00eda:<br \/>\n\t\t&#8211; las fotos individuales de ambos,<br \/>\n\t\t&#8211; los nombres completos y fechas de nacimiento d\u00eda-mes-a\u00f1o<br \/>\n<\/i><\/b>\t<\/p>\n<div style=\"font-size:18px; font-color:navy; border:0px dotted red; text-align:center;  padding:10px;\">\n<h1>Haga clic en el bot\u00f3n de la forma de pago preferida<\/h1>\n<table width=\"100%\" align=\"center\" border=\"1\" cellpadding=\"10\" cellspacing=\"10\" >\n<tr>\n<td align=\"center\">\n<h3>Transferencia o deposito en <b>caja vecina<\/b>,<br \/>\n                         a cuentarut <b>5760860<\/b><br \/>\n\t\t\t por <b>$66.000<\/b> <br \/>\n\t\t\t a: <b>Luis Galdames Hidalgo<\/b><br \/>\n\t\t\t RUT: <b>5.760.760-9<\/b><br \/>\n\t\t\t correo: <b>luisgaldames@solucom.cl<\/b><br \/>\n\t\t\t nota: <b>TMB-AMP<\/b><br \/>\n\t\t\t <span style=\"font-face:Arial Narrow; \">BancoEstado,  <b>cuentaRUT 5760860<\/b>  o<\/span><br \/>Banco Santander <b>ctacte 0-000-77-99022-4<\/b><\/h3>\n<p>\t\t\t <a target=\"_blank\" href=\"https:\/\/m.me\/recuperarexpareja\" rel=\"noopener\"><b style=\"color:blue; font-size:20px; \">Me env\u00eda la <u>foto del comprobante<br \/> tocando AQUI<\/u><br \/>para hacer su trabajo rapido.<\/b><\/a>\n<\/td>\n<\/tr>\n<\/table>\n<h1 style=\"color:blue; \"><i>Toque el bot\u00f3n que le sirve:<\/i><\/h1>\n<table width=\"100%\" align=\"center\" border=\"1\" cellpadding=\"10\" cellspacing=\"10\" >\n<tr>\n<td align=\"center\">\n\t\t\t<a target=\"_blank\" href=\"https:\/\/solucom.cl\/tarot\/_CuentaRUT-trabajo.php\" rel=\"noopener\"><br \/>\n <img decoding=\"async\" src=\"https:\/\/solucom.cl\/aprenda\/curso\/img\/cajavecina1.webp\" width=\"100%\" height=\"100\" style='border-radius: 10px; max-width: 100%; height: auto;'\n\t\t\t\ttitle=\"Para que nos haga llegar el dinero por el Banco del Estado de Chile,\n\t\t\t\t\tpuede ir a la agencia o caja vecina mas cercana a depositar\n\t\t\t\t\to nos puede transferir por Internet.\n\t\t\t\t\tTransferencia o deposito en caja vecina,\n\t\t\t\t\tpor $66.000\n\t\t\t\t\ta: Luis Galdames Hidalgo\n\t\t\t\t\tRUT: 5.760.760-9\n\t\t\t\t\tcorreo: luisgaldames@solucom.cl\n\t\t\t\t\tnota: TMB-AMP\n\t\t\t\t\tBancoEstado, cuentaRUT 5760860\"><br \/>\n\t\t\t<\/a><br \/><b style=\"color:blue; font-size:14px; \">en CHILE deposito o transferencia a cuentaRUT 5760860 para  hacer su trabajo rapido<\/b>\n\t<\/td>\n<\/tr>\n<tr>\n<td align=\"center\">\n\t\t\t<a target=\"_blank\" href=\"https:\/\/solucom.cl\/tarot\/_Santander-trabajo.php\" rel=\"noopener\"><img decoding=\"async\" src=\"https:\/\/solucom.cl\/Imagenes\/logo-santander.jpg\" width=\"100%\" height=\"100\" style='border-radius: 10px; max-width: 100%; height: auto;' \/><br \/>\n\t\t\t<\/a><br \/><b style=\"color:blue; font-size:20px;  \">Deposito o Transferencia cuenta corriente 0-000-77-99022-4 para  hacer su trabajo rapido<\/b><\/p>\n<p>\n\t<\/tr>\n<\/td>\n<tr>\n<td align=\"center\">\n<form name=\"btnPago\" method=\"post\" action=\"https:\/\/webpay3g.transbank.cl\/filtroUnificado\/buttonService\">\n\t\t\t\t<input type=\"hidden\" name=\"buttonId\" value=\"cd5aee34b31c991988b3155a1d10cdf2\"\/><br \/>\n\t\t\t\t<input type=\"image\" src=\"https:\/\/solucom.cl\/Imagenes\/logo-webpay-plus-blanik-660x312.png\" width=\"100%\" height=\"150\" style='border-radius: 10px; max-width: 100%; height: auto;'\/><br \/>\n\t\t\t\t<br \/><b style=\"color:blue; font-size:14px;  \">Paga $66.000 pesos chilenos por transferencia desde su banco o  desde su tarjeta debito\/credito<br \/>para  hacer su trabajo expreso<\/b><br \/>\n\t\t\t<\/form>\n<\/td>\n<\/tr>\n<tr>\n<td align=\"center\">\n\t\t\t<a target=\"_blank\" href=\"https:\/\/link.mercadopago.cl\/solucom\" rel=\"noopener\"><img decoding=\"async\" src=\"https:\/\/solucom.cl\/Imagenes\/logo-mercadopago1.jpg\" width=\"100%\" height=\"100\" style='border-radius: 10px; max-width: 100%; height: auto;' \/><\/a><br \/><b style=\"color:blue; font-size:14px;  \">Paga $66.000 pesos chilenos Envios por Transferencia Internacional para  hacer su trabajo expreso<\/b>\n\t<\/td>\n<\/tr>\n<tr>\n<td align=\"center\" background-color=\"#CCCCCC\">\n<form action=\"https:\/\/www.paypal.com\/cgi-bin\/webscr\" method=\"post\" target=\"_top\">\n\t\t\t\t<input type=\"hidden\" name=\"cmd\" value=\"_s-xclick\"><br \/>\n\t\t\t\t<input type=\"hidden\" name=\"hosted_button_id\" value=\"T4B7PHKPT56UA\"><br \/>\n\t\t\t\t<input type=\"image\" src=\"https:\/\/solucom.cl\/aprenda\/curso\/img\/paypal-1.jpg\" border=\"0\" width=\"100%\" height=\"150\" name=\"submit\" alt=\"PayPal, la forma r\u00e1pida y segura de pagar en Internet.\" style='border-radius: 10px; max-width: 100%; height: auto;'><br \/>\n\t\t\t\t<b style=\"color:blue; font-size:14px;  \">Paga USD 117.oo desde su tarjeta debito\/credito para  hacer su trabajo expreso<\/b><\/p><\/form>\n<\/td>\n<\/tr>\n<tr>\n<td align=\"center\">\n\t\t\t<a target=\"_blank\" href=\"https:\/\/solucom.cl\/tarot\/_MoneyGram.html\" rel=\"noopener\"><img decoding=\"async\" src=\"https:\/\/solucom.cl\/Imagenes\/logo-moneygram.jpg\" width=\"100%\" height=\"100\" style='border-radius: 10px; max-width: 100%; height: auto;' \/><\/a><br \/><b style=\"color:blue; font-size:14px;  \">Paga USD 117.oo Envios por Agencia Internacional para  hacer su trabajo pronto<\/b><\/p>\n<\/td>\n<\/tr>\n<tr>\n<td align=\"center\">\n\t\t\t<a target=\"_blank\" href=\"https:\/\/solucom.cl\/tarot\/_WesternUnion.html\" rel=\"noopener\"><img decoding=\"async\" src=\"https:\/\/solucom.cl\/Imagenes\/logo-westernunion.jpg\" width=\"100%\" height=\"100\" style='border-radius: 10px; max-width: 100%; height: auto;' \/><\/a><br \/><b style=\"color:blue; font-size:14px;  \">Paga USD 117.oo Envios por Agencia Internacional para hacer su trabajo pronto<\/b><\/p>\n<\/td>\n<\/tr>\n<\/table>\n<p><\/center>\n<\/div>\n<hr>\n","protected":false},"excerpt":{"rendered":"<p>Hechizo para Amarrar tu pareja Para privacidad descargar -=> Para que se enamore perdidamente de ti Se parte del punto en que est\u00e1n juntos, en buenas relaciones y tu te quieres asegurar de que vuestra relaci\u00f3n se mantendr\u00e1 por siempre. Necesitas tener algunos utensilios caseros y hacer una penitencia en oraci\u00f3n. Debes tener total y &hellip; <a href=\"https:\/\/solucom.cl\/tarot\/trabajos\/amarrar-pareja-2\/\" class=\"more-link\">Contin\u00fae leyendo <span class=\"screen-reader-text\">Amarrar Pareja<\/span> <span class=\"meta-nav\">&rarr;<\/span><\/a><\/p>\n","protected":false},"author":1,"featured_media":952,"parent":180,"menu_order":4,"comment_status":"closed","ping_status":"closed","template":"","meta":{"footnotes":""},"class_list":["post-1124","page","type-page","status-publish","has-post-thumbnail","hentry"],"_links":{"self":[{"href":"https:\/\/solucom.cl\/tarot\/wp-json\/wp\/v2\/pages\/1124","targetHints":{"allow":["GET"]}}],"collection":[{"href":"https:\/\/solucom.cl\/tarot\/wp-json\/wp\/v2\/pages"}],"about":[{"href":"https:\/\/solucom.cl\/tarot\/wp-json\/wp\/v2\/types\/page"}],"author":[{"embeddable":true,"href":"https:\/\/solucom.cl\/tarot\/wp-json\/wp\/v2\/users\/1"}],"replies":[{"embeddable":true,"href":"https:\/\/solucom.cl\/tarot\/wp-json\/wp\/v2\/comments?post=1124"}],"version-history":[{"count":54,"href":"https:\/\/solucom.cl\/tarot\/wp-json\/wp\/v2\/pages\/1124\/revisions"}],"predecessor-version":[{"id":30101,"href":"https:\/\/solucom.cl\/tarot\/wp-json\/wp\/v2\/pages\/1124\/revisions\/30101"}],"up":[{"embeddable":true,"href":"https:\/\/solucom.cl\/tarot\/wp-json\/wp\/v2\/pages\/180"}],"wp:featuredmedia":[{"embeddable":true,"href":"https:\/\/solucom.cl\/tarot\/wp-json\/wp\/v2\/media\/952"}],"wp:attachment":[{"href":"https:\/\/solucom.cl\/tarot\/wp-json\/wp\/v2\/media?parent=1124"}],"curies":[{"name":"wp","href":"https:\/\/api.w.org\/{rel}","templated":true}]}}