{"id":1405,"date":"2017-11-30T02:33:18","date_gmt":"2017-11-30T05:33:18","guid":{"rendered":"http:\/\/solucom.cl\/tarot\/?page_id=1405"},"modified":"2023-01-13T02:01:19","modified_gmt":"2023-01-13T05:01:19","slug":"conjuro-para-recuperar-pareja","status":"publish","type":"page","link":"https:\/\/solucom.cl\/tarot\/trabajos\/conjuro-para-recuperar-pareja\/","title":{"rendered":"Conjuro para Recuperar ex-Pareja"},"content":{"rendered":"<p><center><\/p>\n<h1>Conjuro para Recuperar ex Pareja <\/h1>\n<p>\n<a target='_blank' href='http:\/\/solucom.cl\/tarot\/TMB-RP.pdf' title='Descargar PDF' rel=\"noopener noreferrer\">Para privacidad leer PDF <img src='https:\/\/solucom.cl\/tarot\/images\/descargarPDF.jpg' width='44'><\/a> <\/p>\n<p> <a target='_blank' href='https:\/\/solucom.cl\/tarot\/images\/publicidad\/TMBRPapp-release.apk' title='Descargar APP-TMBRP desde SOLUCOM' rel=\"noopener noreferrer\"><img src='https:\/\/solucom.cl\/tarot\/images\/descargaAPP.jpg' width='44'>  o la aplicacion<\/a><\/center><\/p>\n<p><center><br \/>\n<!--iframe width=\"560\" height=\"315\" src=\"https:\/\/youtu.be\/LIhIBcetxlU\" frameborder=\"1\" allow=\"autoplay; encrypted-media\" allowfullscreen><\/iframe>\n<img loading=\"lazy\" decoding=\"async\" src=\"https:\/\/solucom.cl\/tarot\/images\/_notes\/0recuperar-pareja.jpg\" width=\"250\" height=\"150\"--><br \/>\n<\/center><\/p>\n<h5>Se parte del punto en que est\u00e1n o no separados f\u00edsicamente y ya sea que mantengan comunicaci\u00f3n o no, se ha quebrado el encanto entre los dos.<\/h5>\n<h4>Necesitas tener su fotograf\u00eda de frente sin gafas, donde se vean sus ojos n\u00edtido al ampliarla, su nombre completo y fecha nacimiento, mas algunos elementos caseros y cumplir una novena con una Oraci\u00f3n que yo te voy a preparar y te acompa\u00f1ar\u00e9 en el proceso durante 30 d\u00edas para guiarte y orientarte hacia tu resultado.<\/h4>\n<h2>Debes tener total y absoluta convicci\u00f3n de que quieres recuperar a tu ex pareja y hacerle que regrese a ti.<\/h2>\n<p><b>Las muchas personas que lo han hecho est\u00e1n satisfechas del resultado obtenido.<\/b><\/p>\n<h2>Es para ti, que ya no est\u00e1s con tu pareja y quieres que regrese para que reanuden su idilio.<\/h2>\n<p><a title=\"Evaluaci\u00f3n sin costo de su caso\" href=\"https:\/\/m.me\/recuperarexpareja\"><img decoding=\"async\" src=\"https:\/\/solucom.cl\/tarot\/images\/evaluacion-inicial.jpg\" \/><br \/>Conversemos sin costo de su caso<\/a><\/p>\n<h4>Cuando vuelva tambi\u00e9n puedes hacer que tu sue\u00f1o te dure para siempre.<\/h4>\n<p><!--center><span style=\"font-face:Arial; font-size:24px; text-align:center; padding:3px; spacing:3px; \">Valor Trabajo \n CLP$ 66.000\n(sesenta y seis mil pesos chilenos)<br \/>\n<\/span--><\/p>\n<h3>\tSi,  <a href=\"https:\/\/m.me\/recuperarexpareja\"><img loading=\"lazy\" decoding=\"async\" src=\"https:\/\/solucom.cl\/Imagenes\/logh1c-200x245.jpg\" width=\"160\" height=\"200\"><\/a><\/p>\n<p>si le puedo ayudar a hacer que su pareja regrese a usted.<\/h3>\n<h2>\tSoy Luis Galdames desde Osorno Chile, Astrologo, Tarotista y Maestro Esot\u00e9rico con m\u00e1s de 40 a\u00f1os de experiencia ayudando a personas como usted.<\/h2>\n<h4><i>\tEste trabajo hace todo eso que pide y mas aquello que quiera pedir.<\/i><\/h4>\n<p><b>Para eso necesito una foto de la cara de su pareja, de frente, mirando a la c\u00e1mara,<\/p>\n<p>su nombre completo y fecha nacimiento.<\/p>\n<p>Lo mismo de usted.<\/b><\/p>\n<h5><u>El Trabajo se demora <a href=\"https:\/\/m.me\/recuperarexpareja\"> 9 d\u00edas<\/a><\/u>.<br \/>\nNormalmente los resultados se ven entre una a tres semanas.<\/h5>\n<h2><i>Tiene la garant\u00eda de que yo voy a estar a diario contigo por WhatsApp, durante 30 d\u00edas,<br \/>\npara asegurarnos que todo se hace como debe ser para lograr traer a tu pareja de regreso contigo.<br \/>\n<\/i><\/h2>\n<p><!--h5>Clic al bot\u00f3n de la forma de pago preferida<\/h5>\n\n\n\n\n<div style=\"font-size:18px; font-color:navy; border:0px dotted red; text-align:center;  padding:10px;\">\n\n\n<table width=\"100%\" align=\"center\" border=\"0\" cellpadding=\"10\" cellspacing=\"10\" >\n\n<tr>\n\n<td align=\"center\">\n\t\t\t\n\n<h3>Transferencia o deposito en <b>caja vecina<\/b>,<br \/>\n                         a cuentarut <b>5760860<\/b><br \/>\n\t\t\t por <b>$66.000<\/b> <br \/>\n\t\t\t a: <b>Luis Galdames Hidalgo<\/b><br \/>\n\t\t\t RUT: <b>5.760.760-9<\/b><br \/>\n\t\t\t correo: <b>luisgaldames@solucom.cl<\/b><br \/>\n\t\t\t nota: <b>TMB-RP<\/b>\n\t\t\t <span style=\"font-face:Arial Narrow; \">BancoEstado,  <b>cuentaRUT 5760860<\/b>  o<\/span><br \/>Banco Santander <b>ctacte 0-000-77-99022-4<\/b><\/h3>\n\n\n\n\n\t\t\t <a target=\"_blank\" href=\"https:\/\/m.me\/recuperarexpareja\" rel=\"noopener\"><b style=\"color:blue; font-size:12px; \">Me env\u00eda la <u>foto del comprobante<br \/> tocando AQUI<\/u>para hacer su trabajo rapido.<\/b><\/a><br \/>\n<\/td>\n\n<\/tr>\n\n\n<\/table>\n\n\n\n\n\n<h1 style=\"color:blue; \"><i>Tocar el bot\u00f3n que le sirve:<\/i><\/h1>\n\n\n\n\n\n<table width=\"100%\" align=\"center\" border=\"1\" cellpadding=\"10\" cellspacing=\"10\" >\n\n<tr>\n\n<td align=\"center\">\n\t\t\t<a target=\"_blank\" href=\"https:\/\/solucom.cl\/tarot\/_CuentaRUT-trabajo.php\" rel=\"noopener\"> \n <img decoding=\"async\" src=\"https:\/\/solucom.cl\/aprenda\/curso\/img\/cajavecina1.webp\" width=\"100%\" height=\"100\"  style=\"border-radius: 10px; max-width: 100%; height: auto;\"\n\t\t\t\ttitle=\"Para que nos haga llegar el dinero por el Banco del Estado de Chile,\n\t\t\t\t\tpuede ir a la agencia o caja vecina mas cercana a depositar\n\t\t\t\t\to nos puede transferir por Internet.\n\t\t\t\t\tTransferencia o deposito en caja vecina,\n\t\t\t\t\tpor $66.000\n\t\t\t\t\ta: Luis Galdames Hidalgo\n\t\t\t\t\tRUT: 5.760.760-9\n\t\t\t\t\tcorreo: luisgaldames@solucom.cl\n\t\t\t\t\tnota: Respuestas\n\t\t\t\t\tBancoEstado, cuentaRUT 5760860\">\n\t\t\t<\/a><br \/><b style=\"color:blue; font-size:12px; \">en CHILE deposito o transferencia a cuentaRUT 5760860 para  hacer su trabajo rapido<\/b>\n\t<\/td>\n\n<\/tr>\n\n\n\t\n\n<tr>\n\n<td align=\"center\">\n\t\t\t<a target=\"_blank\" href=\"https:\/\/solucom.cl\/tarot\/_Santander-trabajo.php\" rel=\"noopener\"><img decoding=\"async\" src=\"https:\/\/solucom.cl\/Imagenes\/logo-santander.jpg\" width=\"100%\" height=\"100\"  style=\"border-radius: 10px; max-width: 100%; height: auto;\"\/>\n\t\t\t<\/a><br \/><b style=\"color:blue; font-size:12px;  \">Deposito o Transferencia cuenta corriente 0-000-77-99022-4 para  hacer su trabajo rapido<\/b>\n\n<br \/>\n\t<\/tr>\n\n<\/td>\n\n\n\t\n\n<tr>\n\n<td align=\"center\">\n\t\t\t<a target=\"_blank\" href=\"https:\/\/kh.cm\/RUkzP\" rel=\"noopener\"><img decoding=\"async\" src=\"https:\/\/solucom.cl\/Imagenes\/logo-khipu.jpg\" width=\"100%\" height=\"100\"  style=\"border-radius: 10px; max-width: 100%; height: auto;\"\/><\/a><br \/><b style=\"color:blue; font-size:12px;  \">Paga $66.000 pesos chilenos por transferencia desde su banco para  hacer su trabajo expreso<\/b>\n\t<\/td>\n\n<\/tr>\n\n\n\t\n\n<tr>\n\n<td align=\"center\">\n\t\t\t\n\n<form name=\"btnPago\" method=\"post\" action=\"https:\/\/webpay3g.transbank.cl\/filtroUnificado\/buttonService\">\n\t\t\t\t<input type=\"hidden\" name=\"buttonId\" value=\"54c8844d125507a8ab693c6d74ba1f6a\"\/>\n\t\t\t\t<input type=\"image\" src=\"https:\/\/solucom.cl\/Imagenes\/logo-webpay-plus-blanik-660x312.png\"  style=\"border-radius: 8px; max-width: 100%; height: auto; \">\n\n\t\t\t\t<br \/><b style=\"color:blue; font-size:12px;  \">Paga $66.000 pesos chilenos por transferencia desde su banco o  desde su tarjeta debito\/credito para  hacer su trabajo expreso<\/b>\n\t\t\t<\/form>\n\n\n\t<\/td>\n\n<\/tr>\n\n\n\t\n\n<tr>\n\n<td align=\"center\">\n\t\t\t<a target=\"_blank\" href=\"https:\/\/mpago.li\/1o22V4i\" rel=\"noopener\"><img decoding=\"async\" src=\"https:\/\/solucom.cl\/Imagenes\/logo-mercadopago1.jpg\" width=\"100%\" height=\"100\"  style=\"border-radius: 10px; max-width: 100%; height: auto;\"\/><\/a><br \/><b style=\"color:blue; font-size:12px;  \">Paga $66.000 pesos chilenos Envios por Transferencia Internacional para  hacer su trabajo expreso<\/b>\n\t<\/td>\n\n<\/tr>\n\n\n\t\n\n<tr>\n\n<td align=\"center\" background-color=\"#CCCCCC\">\n\t\t\t\n\n<form action=\"https:\/\/www.paypal.com\/cgi-bin\/webscr\" method=\"post\" target=\"_top\">\n\t\t\t\t<input type=\"hidden\" name=\"cmd\" value=\"_s-xclick\">\n\t\t\t\t<input type=\"hidden\" name=\"hosted_button_id\" value=\"FA7NC38RSZZNE\">\n\t\t\t\t<input type=\"image\" src=\"https:\/\/solucom.cl\/aprenda\/curso\/img\/paypal-1.jpg\" border=\"0\" width=\"100%\" height=\"150\" name=\"submit\" style=\"border-radius: 10px; max-width: 100%; height: auto;\">\n\t\t\t\t<b style=\"color:blue; font-size:12px;  \">Paga USD $127.oo desde su tarjeta debito\/credito para  hacer su trabajo expreso<\/b>\n\n\n\t\t\t<\/form>\n\n\n\t<\/td>\n\n<\/tr>\n\n\n\t\n\n<tr>\n\n<td align=\"center\">\n\t\t\t<a target=\"_blank\" href=\"https:\/\/solucom.cl\/tarot\/_MoneyGram.html\" rel=\"noopener\"><img decoding=\"async\" src=\"https:\/\/solucom.cl\/Imagenes\/logo-moneygram.jpg\" width=\"100%\" height=\"100\"  style=\"border-radius: 10px; max-width: 100%; height: auto;\"\/><\/a><br \/><b style=\"color:blue; font-size:12px;  \">Paga USD $127.oo Envios por Agencia Internacional para  hacer su trabajo pronto<\/b>\n\n\n\t<\/td>\n\n<\/tr>\n\n\n\t\n\n<tr>\n\n<td align=\"center\">\n\t\t\t<a target=\"_blank\" href=\"https:\/\/solucom.cl\/tarot\/_WesternUnion.html\" rel=\"noopener\"><img decoding=\"async\" src=\"https:\/\/solucom.cl\/Imagenes\/logo-westernunion.jpg\" width=\"100%\" height=\"100\"  style=\"border-radius: 10px; max-width: 100%; height: auto;\"\/><\/a><br \/><b style=\"color:blue; font-size:12px;  \">Paga USD $127.oo Envios por Agencia Internacional para hacer su trabajo pronto<\/b>\n\n\n\t<\/td>\n\n<\/tr>\n\n\n\n<\/table>\n\n\n<\/center>\n<\/div>\n\n\n\n\n\n<hr>\n\n\n\n\n\n<div style=\"font-size:14px; font-color:navy; border:1px dotted gold; background-color:#CCCCCC; text-align:center; \">\n\n\n<h1 style=\"color:green; text-align:center\">Trabajos de\nMagia Blanca<\/h1>\n\n\n\n<a title=\"Se parte del punto en que est\u00e1n juntos f\u00edsicamente pero est\u00e1n peleados y quieres que todo vuelva a ser como antes ... $66.000 \"  href='https:\/\/solucom.cl\/tarot\/trabajos\/acercar-pareja\/'>Acercar a tu Pareja<\/a>\n\n<a title=\"Se parte del punto en que est\u00e1n juntos, en buenas relaciones y tu te quieres asegurar de que vuestra relaci\u00f3n se mantendr\u00e1 por siempre ... $60.000 \" href='https:\/\/solucom.cl\/tarot\/trabajos\/aferrar-pareja\/'>Aferrar a tu Pareja<\/a>\n\n<a title=\"Se parte de la base en que est\u00e1n juntos en el amor, pero existe alguna(s) otra(s) persona(s) que se interponen y entorpecen el libre flujo del amor entre ustedes ... $69.000 \"  href='https:\/\/solucom.cl\/tarot\/trabajos\/alejar-intrusoa\/'>Alejar Intrus@<\/a>\n\n<a title='Se parte de la base en que est\u00e1n juntos en convivencia, pero existe alguna(s) cosa(s) que se interponen y entorpecen en libre flujo del amor entre ustedes y quieres que se termine y esa persona desaparezca de tu vida.... $69.000 ' href='https:\/\/solucom.cl\/tarot\/trabajos\/alejar-pareja\/'>Alejar Pareja<\/a>\n\n<a title=\"Para que se enamore perdidamente de ti. Se parte del punto en que est\u00e1n juntos, en buenas relaciones y tu te quieres asegurar de que vuestra relaci\u00f3n se mantendr\u00e1 por siempre ... $60.000 \"  href='https:\/\/solucom.cl\/tarot\/trabajos\/amarrar-pareja-2\/'>Amarrar a tu Pareja<\/a>\n\n\n<a title=\"Se parte del punto en que est\u00e1n conectados f\u00edsicamente y mantienen comunicaci\u00f3n, lo que permite hacer que se forme un puente para crear el encanto entre los dos ... $66.000 \" href='https:\/\/solucom.cl\/tarot\/trabajos\/atraer-persona-amada\/'>Atraer Persona Amada<\/a>\n\n<a title='Se parte de la base en que est\u00e1n juntos en el amor o en la convivencia diaria, pero existe alguna(s) instancias en las que se hace necesario que tu te impongas sobre su voluntad... $77.000 ' href='https:\/\/solucom.cl\/tarot\/trabajos\/dominar-a-tu-pareja\/'>Dominar a tu Pareja<\/a>\n\n<a title='Se parte de la base en que est\u00e1n juntos en la Familia o en la convivencia diaria, pero existe alguna(s) instancias en las que se hace necesario que tu te impongas sobre sus voluntades... $77.000 ' href='https:\/\/solucom.cl\/tarot\/trabajos\/dominar-a-tu-familia\/'>Dominar a tu Familia<\/a>\n\n<a title=\"Se parte del punto en que est\u00e1n separados f\u00edsicamente y ya sea que mantengan comunicaci\u00f3n o no, se ha quebrado el encanto entre los dos ... $66.000 \"  href='https:\/\/solucom.cl\/tarot\/trabajos\/recuperar-pareja\/'>Recuperar exPareja<\/a>\n\n\n\n<div style=\"background-color:Antique; color:blue; font-size:12px; padding:10px; margin:10px; border:0 dotted cyan;\">Coloca el mouse encima para ver detalles<\/font><\/div>\n\n\n<\/div>\n\n\n\n<center>\n\n\n\n<hr>\n\n\n\n<a href=\"https:\/\/solucom.cl\/tarot\/?page_id=2\"><b>CONSULTA<\/b><\/a>  -  <a href=\"https:\/\/solucom.cl\/tarot\/?page_id=13\">Ubicaci\u00f3n<\/a>  -  <a href=\"https:\/\/solucom.cl\/tarot\/?page_id=21\">Atenci\u00f3n<\/a>  -  <a href=\"https:\/\/solucom.cl\/tarot\/trabajos\/\"><b>TRABAJOS<\/b><\/a>  -  <a href=\"https:\/\/solucom.cl\/tarot\/?page_id=25\">Tarifa<\/a>  -  <a href=\"https:\/\/solucom.cl\/tarot\/?page_id=37\">FormaPago<\/a>  -  <a href=\"https:\/\/solucom.cl\/tarot\/?page_id=69\">Noticias<\/a>\n\n\n\n<hr>\n\n\n\n<center>\n\n<table width='50%' align='center'>\n\n<tr>\n\n<td align='center'><a target=\"_blank\" href=\"https:\/\/solucom.cl\" rel=\"noopener\"><img loading=\"lazy\" decoding=\"async\" alt=\"SOLUCOM Soluciones Computacionales\" title=\"SOLUCOM  Soluciones Computacionales\" src=\"https:\/\/solucom.cl\/Imagenes\/logo-solu-96.jpg\"  height=\"60\" width=\"60\"><\/a><\/td>\n\n\n\n<td align='center'><a target=\"_blank\" href=\"https:\/\/solucom.cl\/s\" rel=\"noopener\"><img loading=\"lazy\" decoding=\"async\" alt=\"SOLUCOM P\u00e1gina Inicio\" title=\"SOLUCOM P\u00e1gina Inicio\" src=\"https:\/\/solucom.cl\/sol\/logo-sol.jpg\"  height=\"60\" width=\"60\"><\/a><\/td>\n\n\n\n<td align='center'><a target=\"_blank\" href=\"https:\/\/www.solucom.cl\/sphcphp\" rel=\"noopener noreferrer\"><img loading=\"lazy\" decoding=\"async\" src=\"https:\/\/solucom.cl\/Imagenes\/chincol1-1.jpg\" height=\"60\" width=\"60\" alt=\"Sistema de Previsiones del HOR\u00d3SCOPO CHINO - Version Moderna\" title=\"Sistema de Previsiones del HOR\u00d3SCOPO CHINO - Version Moderna\"><\/a><\/td>\n\n\n\n<td align='center'><a target=\"_blank\" href=\"https:\/\/solucom.cl\/a\" rel=\"noopener noreferrer\"><img loading=\"lazy\" decoding=\"async\" src=\"https:\/\/solucom.cl\/aprend\/images\/llave.jpg\" height=\"60\" width=\"60\" alt=\"Sistema Aprenda a Conducir por Internet\" title=\"Sistema Aprenda a Conducir por Internet\"><\/a><\/td>\n\n<\/tr>\n\n<\/table>\n\n<\/center>\n\n\n\n<hr>\n\n\n\n\n\n<h1>TESTIMONIOS<\/h1>\n\n\n\n\n<hr>\n\n\n<b>Esto me ha dicho SPMC en su octavo d\u00eda de su Oraci\u00f3n:<\/b><br \/>\nGracias a usted por fin pude entender en que falle en mi relaci\u00f3n, de verdad que siento un cambio interno que se que me ayudar\u00e1 a recuperar a mi ex, sus consejos fueron muy \u00fatiles\n\n\n<hr>\n\n\n<b>Esto me ha dicho BMAV luego de 2 semanas de la Oraci\u00f3n:<\/b>\nDon Luis estoy super feliz gracias a Dios me llama viene a mi casa salimos, todo marcha super bn muxas gracias y bendiciones para ud estar\u00e9 agradecida toda la vida Dios lo bendiga Hoy , ma\u00f1ana y siempre Am\u00e9n \n\n\n<hr>\n\n\n<b>Esto me ha dicho MCSM el primer dia de la Oraci\u00f3n:<\/b>\nEl volvi\u00f3 pidiendo disculpas por lo que hab\u00eda hecho eso me ido muy feliz \n\n\n<hr>\n\n\n<b>Esto me ha dicho IABR dentro de la Oraci\u00f3n:<\/b>\nHoy es mi penultimo dia y le agradezco de todas las formas que me ha ayudado, \nme ha servido para crecer y volver a tener confianza y esperanzas en mi. \nHa sido un lindo proceso y confortable. Muchas gracias. \n\n\n<hr>\n\n\n<b>Esto me ha dicho AMRP hoy a menos de una semana de iniciada la Oraci\u00f3n:<\/b>\nLo q pasa es que yo viajo a Ecuador y quiero q para entonces o ante el ya all\u00e1 vuelto conmigo\nHoy pas\u00f3 algo sorprendente... Me escribi\u00f3... S\u00f3lo pide verme, quiere regresar conmigo.\nHoy siento una gran alegria xq hoy me llamo pidio verme le doy gracias a mi dios xq dia a dia estoy mejor \nGracias Dios hoy a sido un dia maravilloso y d muchas bendiciones y estoy feliz \n\n\n<hr>\n\n\npara ver mas testimonios vea esta <a href=\"https:\/\/solucom.cl\/1\">p\u00e1gina en computador<\/a>\n\n<a title=\"toque clic para Evaluaci\u00f3n sin costo de su caso\" href=\"https:\/\/m.me\/recuperarexpareja\"><img decoding=\"async\" src=\"https:\/\/solucom.cl\/tarot\/images\/evaluacion-inicial.jpg\" \/><br \/>toque clic para Evaluaci\u00f3n sin costo de su caso<\/a>\n\n\n\n<!- - Load Facebook SDK for JavaScript - ->\n      \n\n<div id=\"fb-root\"><\/div>\n\n\n      <script>\n        window.fbAsyncInit = function() {\n          FB.init({\n            xfbml            : true,\n            version          : 'v5.0'\n          });\n        };\n\n        (function(d, s, id) {\n        var js, fjs = d.getElementsByTagName(s)[0];\n        if (d.getElementById(id)) return;\n        js = d.createElement(s); js.id = id;\n        js.src = 'https:\/\/connect.facebook.net\/en_US\/sdk\/xfbml.customerchat.js';\n        fjs.parentNode.insertBefore(js, fjs);\n      }(document, 'script', 'facebook-jssdk'));<\/script>\n\n      <!-- Your customer chat code >\n      \n\n<div class=\"fb-customerchat\"\n        attribution=setup_tool\n        page_id=\"346062436169444\"\n  logged_in_greeting=\"Hola!  C\u00f3mo puedo ayudarle?\"\n  logged_out_greeting=\"Hola!  C\u00f3mo puedo ayudarle?\">\n      <\/div- ->\n\n<!- - Global site tag (gtag.js) - Google Ads: 1009314775 - ->\n<script async src=\"https:\/\/www.googletagmanager.com\/gtag\/js?id=AW-1009314775\"><\/script>\n<script>\n  window.dataLayer = window.dataLayer || [];\n  function gtag(){dataLayer.push(arguments);}\n  gtag('js', new Date());\n\n  gtag('config', 'AW-1009314775');\n<\/script--><\/p>\n","protected":false},"excerpt":{"rendered":"<p>Conjuro para Recuperar ex Pareja Para privacidad leer PDF o la aplicacion Se parte del punto en que est\u00e1n o no separados f\u00edsicamente y ya sea que mantengan comunicaci\u00f3n o no, se ha quebrado el encanto entre los dos. Necesitas tener su fotograf\u00eda de frente sin gafas, donde se vean sus ojos n\u00edtido al ampliarla, &hellip; <a href=\"https:\/\/solucom.cl\/tarot\/trabajos\/conjuro-para-recuperar-pareja\/\" class=\"more-link\">Contin\u00fae leyendo <span class=\"screen-reader-text\">Conjuro para Recuperar ex-Pareja<\/span> <span class=\"meta-nav\">&rarr;<\/span><\/a><\/p>\n","protected":false},"author":1,"featured_media":950,"parent":180,"menu_order":6,"comment_status":"open","ping_status":"closed","template":"","meta":{"footnotes":""},"class_list":["post-1405","page","type-page","status-publish","has-post-thumbnail","hentry"],"_links":{"self":[{"href":"https:\/\/solucom.cl\/tarot\/wp-json\/wp\/v2\/pages\/1405","targetHints":{"allow":["GET"]}}],"collection":[{"href":"https:\/\/solucom.cl\/tarot\/wp-json\/wp\/v2\/pages"}],"about":[{"href":"https:\/\/solucom.cl\/tarot\/wp-json\/wp\/v2\/types\/page"}],"author":[{"embeddable":true,"href":"https:\/\/solucom.cl\/tarot\/wp-json\/wp\/v2\/users\/1"}],"replies":[{"embeddable":true,"href":"https:\/\/solucom.cl\/tarot\/wp-json\/wp\/v2\/comments?post=1405"}],"version-history":[{"count":60,"href":"https:\/\/solucom.cl\/tarot\/wp-json\/wp\/v2\/pages\/1405\/revisions"}],"predecessor-version":[{"id":29969,"href":"https:\/\/solucom.cl\/tarot\/wp-json\/wp\/v2\/pages\/1405\/revisions\/29969"}],"up":[{"embeddable":true,"href":"https:\/\/solucom.cl\/tarot\/wp-json\/wp\/v2\/pages\/180"}],"wp:featuredmedia":[{"embeddable":true,"href":"https:\/\/solucom.cl\/tarot\/wp-json\/wp\/v2\/media\/950"}],"wp:attachment":[{"href":"https:\/\/solucom.cl\/tarot\/wp-json\/wp\/v2\/media?parent=1405"}],"curies":[{"name":"wp","href":"https:\/\/api.w.org\/{rel}","templated":true}]}}