{"id":21,"date":"2013-11-28T00:32:41","date_gmt":"2013-11-28T03:32:41","guid":{"rendered":"http:\/\/solucom.cl\/tarot\/?page_id=21"},"modified":"2022-11-13T18:29:49","modified_gmt":"2022-11-13T21:29:49","slug":"atencion","status":"publish","type":"page","link":"https:\/\/solucom.cl\/tarot\/atencion\/","title":{"rendered":"Atenci\u00f3n"},"content":{"rendered":"<h1>La atenci\u00f3n<\/h1>\n<p> Se puede realizar en persona de cuerpo presente o usando las tecnolog\u00edas que nos acercan, como el <b>tel\u00e9fono, celular o computador <\/b> y las <b>llamadas gratis via wasap<\/b> por celular o computador.<\/p>\n<p>Debe efectuarse \u00fanicamente entre el consultante y el operador. La presencia de otras personas limitar\u00edan la confidencia y las revelaciones, obstaculizando la transmisi\u00f3n fenidica.<\/p>\n<p>D\u00eda t\u00edpico de Consulta es Viernes para una aura m\u00e1s favorable. Es posible tambi\u00e9n hacerlo en Martes con muchas ventajas, siendo Lunes, Mi\u00e9rcoles y Jueves los d\u00edas de menor recomendaci\u00f3n. Quedan excluidos rigurosamente los s\u00e1bado y domingo.<\/p>\n<p>La hora es importante, especialmente por el car\u00e1cter de soledad y serenidad que el vaticinio requiere. Por ello son preferibles las horas de poco movimiento, de luz atenuada y de silencio. Claro est\u00e1 que las mejores son las del atardecer y las nocturnas.<\/p>\n<p><i>Por cierto, todas las atenciones se realizan previo <a href='https:\/\/solucom.cl\/tarot\/?page_id=37'>Pago<\/a> de la <a href='https:\/\/solucom.cl\/tarot\/?page_id=25'>Tarifa<\/a> correspondiente al tipo de <a href='https:\/\/solucom.cl\/tarot\/?page_id=21'>Atenci\u00f3n<\/a> requerida.<\/i><\/p>\n<hr>\n<div id=\"metaslider-id-930\" style=\"width: 100%; margin: 0 auto;\" class=\"ml-slider-3-91-0 metaslider metaslider-flex metaslider-930 ml-slider ms-theme-default\" role=\"region\" aria-roledescription=\"Slideshow\" aria-label=\"New Slider\">\n    <div id=\"metaslider_container_930\">\n        <div id=\"metaslider_930\" class=\"flexslider\">\n            <ul class='slides'>\n                <li style=\"display: block; width: 100%;\" class=\"slide-929 ms-image \" aria-roledescription=\"slide\" aria-label=\"slide-929\"><a href=\"http:\/\/solucom.cl\/tarot\/consulta\/respuestas\/\" target=\"_self\" class=\"metaslider_image_link\"><img loading=\"lazy\" decoding=\"async\" src=\"https:\/\/solucom.cl\/tarot\/wp-content\/uploads\/la-respuesta-637x273.jpg\" height=\"300\" width=\"700\" alt=\"Tirada La Respuesta\" class=\"slider-930 slide-929\" \/><\/a><div class=\"caption-wrap\"><div class=\"caption\">Tirada La Respuesta<\/div><\/div><\/li>\n                <li style=\"display: none; width: 100%;\" class=\"slide-931 ms-image \" aria-roledescription=\"slide\" aria-label=\"slide-931\"><a href=\"http:\/\/solucom.cl\/tarot\/consulta\/del-cambio\/\" target=\"_self\" class=\"metaslider_image_link\"><img loading=\"lazy\" decoding=\"async\" src=\"https:\/\/solucom.cl\/tarot\/wp-content\/uploads\/el-cambio-320x137.jpg\" height=\"300\" width=\"700\" alt=\"Tirada del Cambio\" class=\"slider-930 slide-931\" \/><\/a><div class=\"caption-wrap\"><div class=\"caption\">Tirada Del Cambio<\/div><\/div><\/li>\n                <li style=\"display: none; width: 100%;\" class=\"slide-943 ms-image \" aria-roledescription=\"slide\" aria-label=\"slide-943\"><a href=\"http:\/\/solucom.cl\/tarot\/consulta\/estrella-de-david\/\" target=\"_self\" class=\"metaslider_image_link\"><img loading=\"lazy\" decoding=\"async\" src=\"https:\/\/solucom.cl\/tarot\/wp-content\/uploads\/estrella-david1-602x258.jpg\" height=\"300\" width=\"700\" alt=\"Tirada Estrella de David\" class=\"slider-930 slide-943\" \/><\/a><div class=\"caption-wrap\"><div class=\"caption\">Tirada Estrella de David<\/div><\/div><\/li>\n                <li style=\"display: none; width: 100%;\" class=\"slide-934 ms-image \" aria-roledescription=\"slide\" aria-label=\"slide-934\"><a href=\"http:\/\/solucom.cl\/tarot\/consulta\/estrella-de-salomon\/\" target=\"_self\" class=\"metaslider_image_link\"><img loading=\"lazy\" decoding=\"async\" src=\"https:\/\/solucom.cl\/tarot\/wp-content\/uploads\/estrella-salomon-320x137.jpg\" height=\"300\" width=\"700\" alt=\"Tirada Estrella Salomon\" class=\"slider-930 slide-934\" \/><\/a><div class=\"caption-wrap\"><div class=\"caption\">Tirada Estrella Salomon<\/div><\/div><\/li>\n                <li style=\"display: none; width: 100%;\" class=\"slide-935 ms-image \" aria-roledescription=\"slide\" aria-label=\"slide-935\"><a href=\"http:\/\/solucom.cl\/tarot\/consulta\/el-carro\/\" target=\"_self\" class=\"metaslider_image_link\"><img loading=\"lazy\" decoding=\"async\" src=\"https:\/\/solucom.cl\/tarot\/wp-content\/uploads\/el-carro-320x137.jpg\" height=\"300\" width=\"700\" alt=\"Tirada el Carro\" class=\"slider-930 slide-935\" \/><\/a><div class=\"caption-wrap\"><div class=\"caption\">Tirada El Carro<\/div><\/div><\/li>\n                <li style=\"display: none; width: 100%;\" class=\"slide-936 ms-image \" aria-roledescription=\"slide\" aria-label=\"slide-936\"><a href=\"http:\/\/solucom.cl\/tarot\/consulta\/la-herradura\/\" target=\"_self\" class=\"metaslider_image_link\"><img loading=\"lazy\" decoding=\"async\" src=\"https:\/\/solucom.cl\/tarot\/wp-content\/uploads\/la-herradura-320x137.jpg\" height=\"300\" width=\"700\" alt=\"Tirada La Herradura\" class=\"slider-930 slide-936\" \/><\/a><div class=\"caption-wrap\"><div class=\"caption\">Tirada La Herradura<\/div><\/div><\/li>\n                <li style=\"display: none; width: 100%;\" class=\"slide-937 ms-image \" aria-roledescription=\"slide\" aria-label=\"slide-937\"><a href=\"http:\/\/solucom.cl\/tarot\/consulta\/la-semanal\/\" target=\"_self\" class=\"metaslider_image_link\"><img loading=\"lazy\" decoding=\"async\" src=\"https:\/\/solucom.cl\/tarot\/wp-content\/uploads\/la-semanal-320x137.jpg\" height=\"300\" width=\"700\" alt=\"Tirada La Semanal\" class=\"slider-930 slide-937\" \/><\/a><div class=\"caption-wrap\"><div class=\"caption\">Tirada La Semanal<\/div><\/div><\/li>\n                <li style=\"display: none; width: 100%;\" class=\"slide-938 ms-image \" aria-roledescription=\"slide\" aria-label=\"slide-938\"><a href=\"http:\/\/solucom.cl\/tarot\/consulta\/el-metodo-planetario\/\" target=\"_self\" class=\"metaslider_image_link\"><img loading=\"lazy\" decoding=\"async\" src=\"https:\/\/solucom.cl\/tarot\/wp-content\/uploads\/la-planetario-640x274.jpg\" height=\"300\" width=\"700\" alt=\"Tirada La Planetario\" class=\"slider-930 slide-938\" \/><\/a><div class=\"caption-wrap\"><div class=\"caption\">Tirada La Planetario<\/div><\/div><\/li>\n                <li style=\"display: none; width: 100%;\" class=\"slide-939 ms-image \" aria-roledescription=\"slide\" aria-label=\"slide-939\"><a href=\"http:\/\/solucom.cl\/tarot\/consulta\/la-piramide\/\" target=\"_self\" class=\"metaslider_image_link\"><img loading=\"lazy\" decoding=\"async\" src=\"https:\/\/solucom.cl\/tarot\/wp-content\/uploads\/la-piramide-320x137.jpg\" height=\"300\" width=\"700\" alt=\"Tirada La Piramide\" class=\"slider-930 slide-939\" \/><\/a><div class=\"caption-wrap\"><div class=\"caption\">Tirada La Piramide<\/div><\/div><\/li>\n                <li style=\"display: none; width: 100%;\" class=\"slide-942 ms-image \" aria-roledescription=\"slide\" aria-label=\"slide-942\"><a href=\"http:\/\/solucom.cl\/tarot\/consulta\/cruz-magica\/\" target=\"_self\" class=\"metaslider_image_link\"><img loading=\"lazy\" decoding=\"async\" src=\"https:\/\/solucom.cl\/tarot\/wp-content\/uploads\/la-cruz-magica1-600x257.jpg\" height=\"300\" width=\"700\" alt=\"Tirada La Cruz Magica\" class=\"slider-930 slide-942\" \/><\/a><div class=\"caption-wrap\"><div class=\"caption\">Tirada La Cruz Magica<\/div><\/div><\/li>\n                <li style=\"display: none; width: 100%;\" class=\"slide-940 ms-image \" aria-roledescription=\"slide\" aria-label=\"slide-940\"><a href=\"http:\/\/solucom.cl\/tarot\/consulta\/la-completo\/\" target=\"_self\" class=\"metaslider_image_link\"><img loading=\"lazy\" decoding=\"async\" src=\"https:\/\/solucom.cl\/tarot\/wp-content\/uploads\/la-completo-632x270.jpg\" height=\"300\" width=\"700\" alt=\"Tirada La Completo\" class=\"slider-930 slide-940\" \/><\/a><div class=\"caption-wrap\"><div class=\"caption\">Tirada La Completo<\/div><\/div><\/li>\n            <\/ul>\n        <\/div>\n        \n    <\/div>\n<\/div>\n<h2>TAROT &#8211; Visita personal<\/h2>\n<p><b>En SU domicilio  &#8211; Osorno Chile<\/b> <\/p>\n<h2>o en  <a title=\"Nos juntamos en lugar acordado, estacionamos para hacer la lectura, te dejo donde te acomode\" target=\"_blank\" href=\"https:\/\/solucom.cl\/tarot\/images\/consulta-movil.jpg\" rel=\"noopener\"> Consulta <img loading=\"lazy\" decoding=\"async\" src=\"https:\/\/solucom.cl\/tarot\/images\/consulta-movil.jpg\" title=\"clic para ampliar\" alt=\"clic para ampliar\" width=\"40\" height=\"30\"> Movil<\/a><\/h2>\n<p><a href='https:\/\/www.facebook.com\/messages\/t\/346062436169444'>Chateemos<\/a><\/p>\n<hr>\n<h3>TAROT &#8211; Telef\u00f3nico (TAROTf\u00f3nico)<\/h3>\n<p><a href='https:\/\/www.facebook.com\/messages\/t\/346062436169444'>Chateemos<\/a><br \/>\nProbable atenci\u00f3n inmediata. Duracion entre 15 a 45 minutos, segun <a href='https:\/\/solucom.cl\/tarot\/?page_id=25'>metodo<\/a> de Tirada. Primero realice <a href='https:\/\/solucom.cl\/tarot\/?page_id=37'>Pago<\/a> de la <a href='https:\/\/solucom.cl\/tarot\/?page_id=25'>Tarifa<\/a>.<\/p>\n<hr>\n<h3>TAROT &#8211; Llamada-Skype (TAROTremoto)<\/h3>\n<p><b> Skype: luis-galdames <\/b><br \/>\nProbable atenci\u00f3n inmediata. Primero realice <a href='https:\/\/solucom.cl\/tarot\/?page_id=37'>Pago<\/a> de la <a href='https:\/\/solucom.cl\/tarot\/?page_id=25'>Tarifa<\/a>.<\/p>\n<p><center><\/p>\n<hr>\n<p><a href='https:\/\/solucom.cl\/tarot\/?page_id=2'><b>CONSULTA<\/b><\/a>  &#8211;  <a href='https:\/\/solucom.cl\/tarot\/?page_id=13'>Ubicaci\u00f3n<\/a>  &#8211;  <a href='https:\/\/solucom.cl\/tarot\/?page_id=21'>Atenci\u00f3n<\/a>  &#8211;  <a href='https:\/\/solucom.cl\/tarot\/trabajos\/'><b>TRABAJOS<\/b><\/a>  &#8211;  <a href='https:\/\/solucom.cl\/tarot\/?page_id=25'>Tarifa<\/a>  &#8211;  <a href='https:\/\/solucom.cl\/tarot\/?page_id=37'>FormaPago<\/a>  &#8211;  <a href='https:\/\/solucom.cl\/tarot\/?page_id=69'>Noticias<\/a><\/p>\n<hr>\n<p><center><\/p>\n<table width='300' align='center'>\n<tr>\n<td align='center'><a href=\"https:\/\/solucom.cl\"><img loading=\"lazy\" decoding=\"async\" alt=\"SOLUCOM Soluciones Computacionales\" title=\"SOLUCOM  Soluciones Computacionales\" src=\"https:\/\/solucom.cl\/Imagenes\/logo-solu-96.jpg\"  height=\"60\" width=\"60\"><\/a><\/td>\n<td align='center'><a href=\"https:\/\/solucom.cl\/s\"><img loading=\"lazy\" decoding=\"async\" alt=\"SOLUCOM P\u00e1gina Inicio\" title=\"SOLUCOM P\u00e1gina Inicio\" src=\"https:\/\/solucom.cl\/sol\/logo-sol.jpg\"  height=\"60\" width=\"60\"><\/a><\/td>\n<td align='center'><a target=\"_blank\" href=\"https:\/\/www.solucom.cl\/sphcphp\" rel=\"noopener\"><img loading=\"lazy\" decoding=\"async\" src=\"https:\/\/solucom.cl\/Imagenes\/chincol1-1.jpg\" height=\"60\" width=\"60\" alt=\"Sistema de Previsiones del HOR\u00d3SCOPO CHINO - Version Moderna\" title=\"Sistema de Previsiones del HOR\u00d3SCOPO CHINO - Version Moderna\"><\/a><\/td>\n<td align='center'><a target=\"_blank\" href=\"https:\/\/solucom.cl\/aprenda\" rel=\"noopener\"><img loading=\"lazy\" decoding=\"async\" src=\"https:\/\/solucom.cl\/aprend\/images\/llave.jpg\" height=\"60\" width=\"60\" alt=\"Sistema Aprenda a Conducir por Internet\" title=\"Sistema Aprenda a Conducir por Internet\"><\/a><\/td>\n<\/tr>\n<\/table>\n<p><\/center><\/p>\n","protected":false},"excerpt":{"rendered":"<p>La atenci\u00f3n Se puede realizar en persona de cuerpo presente o usando las tecnolog\u00edas que nos acercan, como el tel\u00e9fono, celular o computador y las llamadas gratis via wasap por celular o computador. Debe efectuarse \u00fanicamente entre el consultante y el operador. La presencia de otras personas limitar\u00edan la confidencia y las revelaciones, obstaculizando la &hellip; <a href=\"https:\/\/solucom.cl\/tarot\/atencion\/\" class=\"more-link\">Contin\u00fae leyendo <span class=\"screen-reader-text\">Atenci\u00f3n<\/span> <span class=\"meta-nav\">&rarr;<\/span><\/a><\/p>\n","protected":false},"author":1,"featured_media":142,"parent":0,"menu_order":6,"comment_status":"closed","ping_status":"closed","template":"","meta":{"footnotes":""},"class_list":["post-21","page","type-page","status-publish","has-post-thumbnail","hentry"],"_links":{"self":[{"href":"https:\/\/solucom.cl\/tarot\/wp-json\/wp\/v2\/pages\/21","targetHints":{"allow":["GET"]}}],"collection":[{"href":"https:\/\/solucom.cl\/tarot\/wp-json\/wp\/v2\/pages"}],"about":[{"href":"https:\/\/solucom.cl\/tarot\/wp-json\/wp\/v2\/types\/page"}],"author":[{"embeddable":true,"href":"https:\/\/solucom.cl\/tarot\/wp-json\/wp\/v2\/users\/1"}],"replies":[{"embeddable":true,"href":"https:\/\/solucom.cl\/tarot\/wp-json\/wp\/v2\/comments?post=21"}],"version-history":[{"count":29,"href":"https:\/\/solucom.cl\/tarot\/wp-json\/wp\/v2\/pages\/21\/revisions"}],"predecessor-version":[{"id":29858,"href":"https:\/\/solucom.cl\/tarot\/wp-json\/wp\/v2\/pages\/21\/revisions\/29858"}],"wp:featuredmedia":[{"embeddable":true,"href":"https:\/\/solucom.cl\/tarot\/wp-json\/wp\/v2\/media\/142"}],"wp:attachment":[{"href":"https:\/\/solucom.cl\/tarot\/wp-json\/wp\/v2\/media?parent=21"}],"curies":[{"name":"wp","href":"https:\/\/api.w.org\/{rel}","templated":true}]}}